t i(a) = -a**3 + 4*a**2 + a + 6. Determine i(n).
-14
Let s(p) = -12*p + 23*p - 9*p - 5*p. Suppose 3*n + 4*u = 11, 5*u - 3*u - 7 = -3*n. Determine s(n).
-3
Let z(p) = -6*p + 8 + 4 + 1 - 16. What is z(-1)?
3
Let u be (-3)/2*(-4)/3. Let z(o) = 3 + o - 3*o + 0*o + o**u. Let m = -594 + 596. What is z(m)?
3
Suppose -4*v - 28 = 56. Let f = v - -25. Let s(i) = -3*i**2 + 3*i + 4 - 1 + 2*i**2. Calculate s(f).
-1
Let g be 156/(-42) + (-2)/7. Let o(c) be the third derivative of -c**4/12 - 2*c**3/3 + c**2 + 33. What is o(g)?
4
Suppose 0 = 2*b + 3519 - 3507. Let i(n) = -2*n**2 - 8*n - 1. Determine i(b).
-25
Let z(d) = 6*d. Suppose -a + 69 = 4*y, 4*y - 6*a = -5*a + 67. Let x = y - 14. Suppose 5 = -2*o - x*o. Calculate z(o).
-6
Suppose -2*b = -0*b + 4, -2*o + 2*b + 8 = 0. Suppose -3*c = -o*c. Let s be c/1*3/(-9). Let k(q) = -q + 9. Give k(s).
9
Let d(b) = 6*b - 9. Let i(j) = -6*j + 10. Let a(k) = -6*d(k) - 5*i(k). Suppose h - 4280 + 4277 = 0. Calculate a(h).
-14
Let m = -2 - -4. Let c(g) = 0*g - g + 1 + 0*g**m + g**2. Suppose -4*k - 11 = -3*b - 0, 1 = b. Calculate c(k).
7
Let f(u) be the first derivative of u**3/3 - 9*u**2/2 + 10*u - 228. What is f(8)?
2
Let g(n) = -n**3 - n**2 + 4*n + 4. Let s be g(2). Let o(z) be the third derivative of -1/12*z**4 + 1/6*z**3 + z**2 + 0*z + s. Determine o(-1).
3
Let v(h) = h**3 + 6*h**2 - h + 6. Let g(t) = 4*t**3 + 25*t**2 - 3*t + 25. Let m(w) = 2*g(w) - 9*v(w). Let x be ((-50)/15)/((-2)/(-3)). Calculate m(x).
6
Let c(g) = -g**3 + 97*g + 106*g - 205*g + 1 - g**3. Let l = 20 - 22. Determine c(l).
21
Suppose 11*s - 57 = 9. Let r(g) = -g**3 + 4*g**2 + 7*g + 7. What is r(s)?
-23
Let w(o) be the first derivative of -10 + o - 2*o**2 + 1/3*o**3. Determine w(4).
1
Suppose 6*b = b + 35. Suppose -2*l - 11 = b. Let g(z) = -2*z - 12. Give g(l).
6
Let z be ((-10)/15)/(2/27). Let k(y) = y + 3. Determine k(z).
-6
Let m(o) = 8*o - 4. Let j(c) = -c. Let x = 7 - 10. Let n(r) = x*j(r) - m(r). Let z(b) = -7*b - 143. Let q be z(-21). Calculate n(q).
-16
Let q = -23 + 21. Let r(s) = -s. Suppose 3 = 3*t + 3*c, 4*c = 3*c. Let u(g) = -g**2 - g - 15. Let j(l) = q*r(l) + t*u(l). Give j(0).
-15
Let d(m) = -m**2 + 5*m + 5. Let u = -2981 - -2976. Determine d(u).
-45
Let b(x) = 28*x - 15*x - 18*x + 0 - 8 + 2. Calculate b(9).
-51
Let u(d) be the first derivative of 3*d**2 - 2*d**3 + 1/4*d**4 - 2*d + 4. Give u(4).
-10
Let h(v) = v**3 - 4*v**2 - v + 7. Let o be h(4). Let n(g) = 3*g - 3 + 0 + 331*g**o - 332*g**3. Let q be (8/(-6))/((-6)/9). Give n(q).
-5
Let j(k) = -18*k - 135. Let t be j(-8). Let s(z) = -2*z + 13. Calculate s(t).
-5
Suppose 5*m - 3*k = 1 - 22, -5*m - 5*k - 45 = 0. Let v(i) = i**2 + 8*i + 5. What is v(m)?
-7
Let z be 39/(-26)*-2*1. Suppose -w = z*x + 20, -45 = 5*x - 5*w - 5. Let g(p) be the second derivative of p**3/6 + p**2/2 - p. What is g(x)?
-6
Let m = -11 + 17. Let z = -1 + m. Let j(q) = 2*q - 10. Let g(h) = 4*h - 19. Let f(o) = -4*g(o) + 7*j(o). What is f(z)?
-4
Let g be 7/((-21)/(-12)) - 6. Let v(m) = m**3 + 4*m**2 + 5*m + 5. Determine v(g).
3
Let g(f) = -f**2 + 4*f - 1. Suppose -t + 15 = -4*q, 2*t + 3*q = 3 - 6. Calculate g(t).
2
Let r(m) = -19*m - 81. Let h be r(-4). Let o(w) be the third derivative of -1/60*w**5 - w**2 + 1/3*w**3 + 0 + 0*w - 1/6*w**4. Give o(h).
-3
Let q(u) = -9*u**2 + 8*u + 2. Let t(a) = -10*a**2 + 9*a + 2. Suppose 3*j = 3*c - 12, 3*j - 6*j + 6 = 0. Let p(k) = c*t(k) - 7*q(k). Determine p(2).
6
Suppose 4*c + 82 = 58. Let l(s) = -s**3 - 6*s**2 - 5*s - 27. Determine l(c).
3
Let n(c) be the first derivative of c**2 + c + 9. Let a(b) = b**2 + 5*b. Let t be a(-6). Let m = t - 7. Determine n(m).
-1
Let b(k) = -3*k**2 + 20. Let t(u) = -3*u**2 + 20. Let f(n) = -4*b(n) + 3*t(n). Let m(w) be the first derivative of f(w). Determine m(3).
18
Let b(w) = w**2 - 18*w - 11. Let x = 570 - 552. What is b(x)?
-11
Suppose 2*d - 8 = 4*i, -2 + 26 = -2*d - 4*i. Let n be ((-2)/(-6))/(d/(-24)). Let v(z) = z**3 + 4 + 3*z - 3*z**2 - z**2 - 5 + 0*z**n. Give v(3).
-1
Let a(n) = n**3 - 5*n**2 - 7*n + 3. Let f = 30 + -18. Suppose z = 5*z - f. Let c be 3 - (z/3 - 4). Determine a(c).
-3
Let q(u) = 19*u - 34 + 14 + 11 - 20*u + 16. Calculate q(-3).
10
Let g(h) be the third derivative of -h**5/60 - 7*h**4/12 + 2*h**3 - 151*h**2. Calculate g(-11).
45
Let f(h) = -34*h**2 + 15*h**2 - 2*h**3 + h - 1 + 18*h**2. Calculate f(-2).
9
Let c(k) = k**2 + 12*k + 6. Suppose -1117*p + 1131*p + 168 = 0. Give c(p).
6
Let j(h) be the third derivative of -h**4/24 + h**3 - 93*h**2. Give j(5).
1
Let d(l) = -l - 12. Suppose -5 = 2*t - 1, 0 = -4*u - 4*t - 48. What is d(u)?
-2
Let s(f) = f**2 + 2*f - 10. Suppose 2*a = -4*x - 115 + 85, 0 = 2*x + 3*a + 17. What is s(x)?
25
Let k = -13 - 2. Let a = k - -8. Let z(t) = t**2 + 6*t. Give z(a).
7
Let p(a) = a + 3. Let m be 21/(-3)*(-52)/(-91). Determine p(m).
-1
Let b(u) = 14*u**2 + 3*u - 4. Let h be b(1). Let l(j) = 19 - h*j + 23*j - 9*j. Calculate l(0).
19
Let c(t) = 16*t**3 - t**2 + t - 1. Let s be ((-1)/3*1)/((-123)/369). Calculate c(s).
15
Let d be 6/(8/4) + 2. Suppose 5 = 4*b + d*a, b + 5*a = 7 - 2. Suppose -v + 2 + 2 = b. Let i(x) = x**2 - 5*x + 1. Determine i(v).
-3
Let q = 16 + -12. Suppose 0 = -q*l + 6*l - 4. Let a(u) = 0*u - u**l - 5*u - u + 2*u. What is a(-4)?
0
Let p(y) be the second derivative of y**5/10 - y**4/12 - y**3/3 - y**2 + 3*y. Suppose -4*z + 6 = -s, 4*s + 43*z - 48*z + 13 = 0. What is p(s)?
-18
Let x(l) = 80*l**3 - 82*l**3 + 1 + 2*l**2 - 1. Give x(2).
-8
Let m(l) = l + 93 + 2*l - 93. Suppose 3*c + 2*h - 3*h = 33, h = 4*c - 43. Suppose 2*k = 7*k - c. Determine m(k).
6
Let c(z) = 2*z - 5 + 3 - 8 + 7. What is c(-4)?
-11
Suppose 6 = -4*r + 2*k, r = -0*r + k + 1. Let x be ((-20)/5 - -4)*-1. Let w(m) = -4 + m**2 + x*m**2 - 6*m + 10*m. What is w(r)?
-4
Let l(h) = -2*h**2 - 11*h + 6. Let n(r) = -3*r**2 - 24*r + 13. Let i(j) = 13*l(j) - 6*n(j). What is i(1)?
-7
Let d be (-21)/6*(-88)/77. Let g(t) = -178*t - 1 - 2*t**2 + 185*t - d. Determine g(4).
-9
Suppose 0 = -3*n + s + 6, 8*n - 3*n + 3*s = 24. Suppose -2*f = 2*j + 4, 3*f - f = -n*j. Let a(i) = -2*i + 1. Calculate a(f).
13
Let b(o) = 692 - 7*o - 1384 + 692. Give b(1).
-7
Let y(x) = -13*x**3 - 8*x**2 - 14*x + 5. Let c(o) = 8*o**3 + 5*o**2 + 9*o - 3. Let p(u) = -8*c(u) - 5*y(u). What is p(2)?
3
Let w(z) = 5*z - 1318 - 1326 - 1318 + 3963. What is w(1)?
6
Let d(r) = -r. Let p(h) = -2*h + 3. Let m(s) = -2*d(s) + 2*p(s). Suppose -t - 6*w + w = -27, 3*w = 4*t + 7. Suppose 5*c - t*c = 15. Determine m(c).
-4
Let i(r) = 15*r**3 - 40*r**2 - 2*r + 18. Let a(p) = 7*p**3 - 19*p**2 - p + 8. Let g(o) = -13*a(o) + 6*i(o). Give g(7).
11
Let c(w) = 5*w**2 - 2*w + 2. Let q(s) = -14*s**2 + 4*s - 5. Let x(j) = -8*c(j) - 3*q(j). Calculate x(-4).
15
Let x(d) be the first derivative of -39*d**2/2 + 251. Give x(-1).
39
Let f(u) = u**2 - 6. Suppose -2*l - q - 15 = 0, 13 = l - 4*q - 2. Calculate f(l).
19
Suppose -24*r = -18*r. Let o(v) = -2*v - 15. Give o(r).
-15
Let k(d) be the first derivative of d**4/4 - 2*d**3/3 - 2*d**2 + d - 1. Suppose 0 = -5*q + 3 + 7. Suppose -5*a = -3*i + 14 + 20, 5*i + q*a = 5. Give k(i).
-2
Let g(v) = -5*v**2 + 21*v - 11. Let z(k) = -21*k**2 + 83*k - 45. Let x(o) = 9*g(o) - 2*z(o). Let m be x(7). Let r(n) = -n**3 + 6*n**2 - 6*n + 6. Determine r(m).
1
Let i(c) be the first derivative of c**2 - 3*c + 1. Let f = -49 + 52. Give i(f).
3
Let y(k) = 2*k - 1 - 3*k + 0 - 7. Suppose -v = 32 - 27. What is y(v)?
-3
Let l = 11 + -7. Let m = l - -1. Let t(u) = 0*u**2 - 2 - u + m*u + u - u**2. Calculate t(3).
4
Let c(z) be the second derivative of -z**4/6 - z**3/6 - z**2/2 + 172*z. Calculate c(-1).
-2
Suppose 4 = 4*v + 3*p, -3*p - 5 = 3*v - 8*v. Let s(z) = -3*z**2 + z. Give s(v).
-2
Let t(z) = z**3 - z**2 + z + 1. Let n(s) = 4*s**3 - 13*s**2 + 6*s + 14. Let a = 56 + -57. Let o(q) = a*n(q) + 5*t(q). Calculate o(-8).
-1
Suppose 3*r = 15, -3*r + 1 = -5*u - 4. Let q(o) = -116*o + 116*o + u*o**2 - 1. Let i be (2/1 - 4)/(-2). Calculate q(i).
1
Let w = -5 + 7. Let a(v) be the first derivative of -v**4/4 + v**3/3 + v + 25. Determine a(w).
-3
Let b(s) = 2 - 2*s**2 + 5*s - 3*s**2 + s**3 - 4. Let t be b(3). Let x(q) = 0*q - 68 + 30 + 45 + 2*q. Calculate x(t).
-3
Let g(m) = 3*m - 8. Let x = 117 - 121. What is g(x)?
-20
Let m(a) = 2*a**2 + 4*a + 2. Let v(o) = 2*o**3 - 5*o**2 + 3*o - 2. L